ens digit of d?
4
Let a(t) = 79*t**2 - 7*t. What is the thousands digit of a(-4)?
1
Let v(f) = 124*f**2 + 2*f - 5. What is the hundreds digit of v(2)?
4
Let c = -21 - 0. Let s = c + 35. What is the units digit of s?
4
Let x = 62 + -57. Suppose 2*f - 4*f - 61 = -x*b, -2*f + 38 = 4*b. What is the tens digit of b?
1
Suppose -5*q + 62280 = 31*q. What is the units digit of q?
0
Let r(u) = u**2 - 7*u + 6. Let v be (-8)/(-12) - 16/(-3). Let h be r(v). Suppose -4*y - 4*n + 92 = h, 2*y = 6*y + 3*n - 91. What is the units digit of y?
2
Let t(s) = 27*s + 1. Let r be t(1). What is the units digit of 2/4 - (-854)/r?
1
Let g = -9 - -3. Let h(s) = -2*s**2 - 3*s + 4. Let r be h(g). What is the units digit of r/(-4) - (-2)/4?
3
Let h(n) = 2*n**2 - 4*n + 2. Let a be h(2). Let t = 15 + -11. Suppose a*m - t = 12. What is the units digit of m?
8
Suppose 20*b - 7*b - 4043 = 0. What is the units digit of b?
1
Let k(d) = -d**3 - 26*d**2 - 17*d + 165. What is the hundreds digit of k(-27)?
3
Let z(c) = -c**3 - 3*c**2 - 6*c - 7. Suppose -2*j + 7*j - 2*m = -23, -4*m - 29 = 5*j. What is the tens digit of z(j)?
7
Suppose -5609 = -5*y - 3*q, 0*y = -y - q + 1123. What is the tens digit of y?
2
Suppose -2*h - h + 36 = 0. Suppose -8*j + h*j = 64. What is the tens digit of j?
1
Let n = 318 + 1036. What is the tens digit of n?
5
Suppose 8 = -4*h + 28. Suppose h*v - 6*v = -26. What is the tens digit of v?
2
Suppose -4405 = -5*g - a + 2581, 3*g - 3*a = 4206. What is the hundreds digit of g?
3
Let t = -86 + 192. What is the hundreds digit of t?
1
Suppose 2*h + 4 = 4*h. Let i be (2 - 2)/((1 - 2)*1). Suppose i = -0*t - h*t - 4*p + 28, 3 = -3*p. What is the units digit of t?
6
Suppose -4*b + 74 = -250. Suppose n + b = -23. Let k = 157 + n. What is the units digit of k?
3
Let a = 683 - 265. What is the hundreds digit of a?
4
Let p = -5 + 9. Let v(o) = 2*o**2 + 2*o - 24. Let m be v(-7). Suppose -k = -p*k + m. What is the tens digit of k?
2
Let i be (-1 + 4)*(-5)/15. Let g = 101 - i. What is the hundreds digit of g?
1
Let h(k) = -40*k**2 - k - 2. Let q(b) = b**2 + 1. Let m(d) = -h(d) - 2*q(d). Let v be m(-2). Suppose -2*s - v = -5*s. What is the units digit of s?
0
Let a(q) = -q**2 - 21*q - 7. Let w(m) = -m**3 + 14*m**2 + 13*m + 16. Let t be w(15). What is the tens digit of a(t)?
9
Suppose -4*u - 27 = -7*u. Let p = 14 - u. Suppose y + y - 72 = -2*c, 0 = 4*y - p*c - 171. What is the tens digit of y?
3
Let x(z) = 2*z + 2. Let j be x(3). Let m = j + -20. Let p(n) = n**3 + 12*n**2 + n + 15. What is the units digit of p(m)?
3
Suppose -15 = -2*t - 3*t. Suppose -2*q - t*q - 38 = -3*l, 2*l - 38 = -3*q. What is the units digit of l?
6
Let m(p) = p**2 + 10*p - 6. Let y be m(-11). Let c = y + -2. What is the tens digit of 36 + (1 - (c + 0))?
3
Suppose -5*b + 10*b - 3 = 4*x, -4*b + 3 = -3*x. Suppose 5*s - i - 99 = -4*i, -x*s + 55 = 4*i. What is the tens digit of s?
2
Let f(i) = -i**2 + 7*i - 3. Let b be f(6). Suppose -3*g - 5*u = 333, -2*g = -g - b*u + 97. Let d = g + 159. What is the units digit of d?
3
Suppose 0 = -2*f - f + 279. Let k = f + -42. What is the units digit of k?
1
Suppose 5*w - 4426 = 3*d + 2410, w + d = 1364. What is the hundreds digit of w?
3
Let o(h) = -h**3 - h**2 + 3*h + 9. Let j be o(-3). Suppose 3*l + 307 = 5*z, z - l - 43 = j. What is the units digit of z?
2
Let g(j) = j**2 + 7*j + 45. What is the tens digit of g(-6)?
3
Suppose -3*k - 864 = -0*k. What is the units digit of (k/(-15))/3*20?
8
Let b(q) = -2*q**2 - 8*q - 6. Let o be b(-4). What is the units digit of ((-10)/o)/((-2)/(-6))?
5
Let i(c) = 40*c**2 + 4*c - 97. What is the tens digit of i(-8)?
3
Suppose -2 = 8*a - 34. Suppose -2*y + 214 = -a*f, 3*y + 4*f - 376 = -f. What is the tens digit of y?
1
Let g = -742 - -1317. What is the tens digit of g?
7
Let w be 1 + (1/(-3))/(3/(-36)). Suppose -w*j + 283 = -207. What is the units digit of j?
8
Let b(w) = w**2 - 3*w + 6. Let s be ((-12)/(-8))/(6/(-52)). What is the tens digit of b(s)?
1
Let x = -33 - -81. Let q be (x/(-15))/(2/(-35)). Suppose 0 = 2*f - q + 10. What is the tens digit of f?
2
Let h = -12 - 3. Let f = h - -19. Suppose f*k = k + 18. What is the units digit of k?
6
What is the tens digit of -3 + 4 + 1 + -6 - -611?
0
Let w(g) = -g**3 + g**2 - g + 2. Let o be w(0). Suppose d + o*d - 9 = 0. Suppose -4*u + 3*m + 170 = 0, 0*m = -d*u + m + 130. What is the tens digit of u?
4
Let d(u) = u**2 + 1. Let s(t) = -7*t**2 - 11*t - 7. Let g(l) = -5*d(l) - s(l). Let c = -15 - -7. What is the units digit of g(c)?
2
Let s(o) = -o**2 + 12*o + 15. Let x(a) = 2*a**2 + 3*a - 1. Let y be x(2). Let b be s(y). Suppose -b*m + 32 = -6. What is the units digit of m?
9
Let y be (-3)/(4 + -7) - -6. Suppose y*u + 42 = -42. What is the tens digit of u/(-3) - 5 - -29?
2
Suppose 4*v + 3*b - 11 - 20 = 0, 3*b = -v + 19. Let c(j) = -j**3 + j**2 + j + 5. Let a be c(v). Let k = -4 - a. What is the units digit of k?
5
Suppose 4*x - 5*h + 28 = -h, -4*h = 12. Let i be (-912)/(-40)*x/(-4). What is the tens digit of (5 - 4)/(3/i)?
1
Let u = -5879 - -9723. What is the thousands digit of u?
3
Suppose -143 - 505 = -4*m. Let a be m/14 - 3/(-7). Suppose 2*v - 16 - a = 5*i, 0 = 4*v + i - 12. What is the units digit of v?
4
Suppose -k + 76 + 38 = 0. What is the tens digit of k?
1
Suppose 3 = -2*f - 1. Suppose 0 = 6*x - 11*x - 4*u, 0 = -3*x - 4*u. What is the tens digit of 2/f*x + 22?
2
Suppose -65*n = -63*n - 1452. What is the hundreds digit of n?
7
Let o(t) = 4*t**2 + 0 - 248*t + 251*t + 4. What is the hundreds digit of o(-6)?
1
What is the tens digit of (1 - -9)*52 + -6 + 8?
2
Suppose -2*a = -4*j + 328, -a = j - 89 + 1. Suppose 13*v - 6*v = j. What is the units digit of v?
2
Suppose -4*a + 120 = 5*k, -96 = -5*a + a + k. Suppose -j + 5*b + 35 = j, j - a = b. Suppose 2*n - n - j = 0. What is the units digit of n?
0
Let n be 16/(-72) + 11/9. Suppose 0 = 5*m - 11 + n. Suppose s = -2*h - s + 28, -11 = -h - m*s. What is the tens digit of h?
1
Let v = 40 + -103. Let o = -35 - v. Suppose y + y - 66 = l, -y = 2*l - o. What is the units digit of y?
2
Let o(z) = 992*z**2 - 8*z + 2. What is the units digit of o(-2)?
6
Let g(j) = -j**2 - 12*j - 24. Let x be g(-9). What is the hundreds digit of (2 - (-2)/x)*(-888)/(-16)?
1
Suppose 4*a + 255 - 4123 = 0. What is the hundreds digit of a?
9
Suppose -4 - 21 = 5*k. Let g(a) = -18*a + 12. What is the tens digit of g(k)?
0
Let i be 4/18 + 31360/144. Let m = -8 - -12. Suppose m*j - y - y = i, j + y = 53. What is the tens digit of j?
5
Suppose 25*u - 56*u = -868. Suppose -f = 3*l - l - 19, -3*l + 20 = f. Let x = u - f. What is the units digit of x?
1
Let v(d) = 7*d - 37. Let y be 45/(-6)*14/(-7). What is the units digit of v(y)?
8
Let c(s) = s**3 + 15*s**2 - 15*s + 20. Let g be c(-16). Let l = g + -2. Suppose l*d + 4*o = 102, 4*d - 2*o - 295 = -91. What is the tens digit of d?
5
Suppose -i + 4*c + 40 = 4*i, -2*i + 28 = -4*c. Let l(k) = 3*k**3 + 3*k**2 - 5*k + 4. Let z be l(2). Suppose i*p = p + z. What is the tens digit of p?
1
Let f(s) = 40*s**2 - 3*s - 1. Suppose -z = -2*z - 2. What is the hundreds digit of f(z)?
1
Let r(z) = 46*z**3 - 4*z + z**2 + 1 + 2*z + 12*z**3. What is the tens digit of r(1)?
5
Suppose 4*c = -0*x + 3*x + 23, -4*x - 24 = -2*c. Suppose -5*u + 5*t = -230, 5*u - 4*t = -c*t + 239. What is the units digit of u?
9
Let z(u) = -4*u - 11. Let t be z(-7). Suppose 0 = -4*s - 5*b + 133, -5*s + 0*b + 4*b + 115 = 0. Let i = s - t. What is the units digit of i?
0
Let d = -15339 + 21701. What is the hundreds digit of d?
3
Let f = 10 - 15. Let x be (f/(-3))/(4/156). Suppose -3*v + x - 17 = 0. What is the units digit of v?
6
Suppose 0 = -4*g - 2*v + 252, 3*g = 2*v - 99 + 288. Let z = -1 + g. What is the units digit of z?
2
Let x = -1691 + 4397. What is the hundreds digit of x?
7
Let d be (4 - 1) + 1*3. Let c(n) = -2*n + 26. Let a be c(d). Let s(j) = j**2 - 14*j + 20. What is the units digit of s(a)?
0
Suppose -y + 22 + 13 = 0. Let s = 175 - 173. Suppose 3*p + s*p = y. What is the units digit of p?
7
What is the tens digit of ((-8328)/(-9))/(((-16)/9)/(-8))?
6
Suppose -5*f = 2*w - 2277, 0 = -2*f - 7 + 5. What is the hundreds digit of w?
1
What is the hundreds digit of (6896/(-24))/((-4)/6)?
4
Let t = -13 + 12. Let f be (-4 + 4 + 6)*t. What is the units digit of (-3)/f*1*54?
7